 (base 9) to base 13.
0
15 (base 6) to base 4
23
Convert 31 (base 9) to base 5.
103
What is -a (base 16) in base 14?
-a
Convert 28 (base 12) to base 14.
24
Convert -10 (base 3) to base 8.
-3
What is 10 (base 8) in base 11?
8
What is 110101 (base 2) in base 10?
53
Convert 5b (base 15) to base 10.
86
-3 (base 14) to base 4
-3
What is 20 (base 6) in base 5?
22
91 (base 12) to base 5
414
What is -3 (base 6) in base 16?
-3
What is 5 (base 9) in base 3?
12
What is -1 (base 12) in base 9?
-1
What is -3 (base 8) in base 6?
-3
Convert -107 (base 10) to base 6.
-255
What is -146 (base 9) in base 13?
-96
Convert 200 (base 4) to base 11.
2a
-7 (base 11) to base 5
-12
0 (base 6) to base 16
0
-3 (base 7) to base 9
-3
Convert 1 (base 6) to base 13.
1
What is 2 (base 14) in base 10?
2
Convert -1 (base 13) to base 10.
-1
-310 (base 10) to base 8
-466
Convert -245 (base 6) to base 12.
-85
0 (base 6) to base 10
0
What is -7 (base 15) in base 5?
-12
Convert 16 (base 8) to base 15.
e
-1 (base 11) to base 12
-1
Convert 36 (base 8) to base 9.
33
What is 2213 (base 4) in base 15?
b2
6c (base 15) to base 2
1100110
-2 (base 7) to base 3
-2
-154 (base 10) to base 4
-2122
Convert -54 (base 10) to base 6.
-130
Convert 4 (base 5) to base 4.
10
-3 (base 15) to base 4
-3
12 (base 8) to base 9
11
Convert 123 (base 6) to base 12.
43
12 (base 4) to base 16
6
-32 (base 5) to base 12
-15
Convert 2121 (base 4) to base 7.
306
-5 (base 15) to base 7
-5
What is -307 (base 8) in base 4?
-3013
-11110000 (base 2) to base 4
-3300
Convert 2 (base 4) to base 11.
2
What is 101 (base 4) in base 3?
122
What is -1211 (base 4) in base 7?
-203
Convert -94 (base 16) to base 8.
-224
What is 2 (base 16) in base 10?
2
What is -104 (base 12) in base 7?
-301
What is 100 (base 2) in base 10?
4
101000 (base 2) to base 5
130
4 (base 7) to base 4
10
Convert 12 (base 7) to base 6.
13
b8 (base 12) to base 6
352
-51 (base 11) to base 5
-211
What is 11 (base 2) in base 8?
3
Convert 1 (base 5) to base 10.
1
Convert 114 (base 7) to base 12.
50
What is 10 (base 11) in base 4?
23
What is 100 (base 2) in base 8?
4
139 (base 14) to base 5
1442
30 (base 9) to base 8
33
What is -3 (base 11) in base 2?
-11
What is 47 (base 9) in base 16?
2b
Convert 13 (base 9) to base 6.
20
Convert 5 (base 10) to base 2.
101
What is -21 (base 6) in base 7?
-16
Convert 56 (base 8) to base 7.
64
What is 48 (base 9) in base 14?
32
Convert -345 (base 7) to base 8.
-264
What is 5 (base 8) in base 4?
11
What is -4 (base 14) in base 12?
-4
What is 120 (base 5) in base 15?
25
0 (base 15) to base 4
0
What is 2 (base 11) in base 8?
2
Convert 6 (base 16) to base 3.
20
Convert -2 (base 11) to base 4.
-2
89 (base 15) to base 16
81
-4 (base 14) to base 2
-100
What is 112 (base 5) in base 15?
22
Convert -1 (base 3) to base 4.
-1
b (base 13) to base 11
10
Convert 22 (base 7) to base 11.
15
Convert -2 (base 3) to base 10.
-2
What is 108 (base 13) in base 4?
2301
-36 (base 10) to base 9
-40
What is 1 (base 11) in base 16?
1
Convert 31 (base 7) to base 16.
16
-7 (base 15) to base 11
-7
What is -4 (base 15) in base 4?
-10
What is 2a (base 13) in base 8?
44
100 (base 2) to base 10
4
What is 15 (base 7) in base 15?
c
Convert 22 (base 5) to base 4.
30
-22 (base 6) to base 13
-11
What is -154 (base 11) in base 13?
-10b
-5 (base 14) to base 6
-5
-4 (base 11) to base 2
-100
Convert -3 (base 11) to base 15.
-3
-148 (base 9) to base 7
-236
b (base 12) to base 6
15
-65 (base 8) to base 6
-125
What is -4 (base 9) in base 10?
-4
Convert -303 (base 4) to base 5.
-201
What is -34 (base 13) in base 14?
-31
What is -122 (base 6) in base 13?
-3b
-43 (base 10) to base 13
-34
11 (base 5) to base 8
6
What is 10011110 (base 2) in base 7?
314
-17 (base 9) to base 7
-22
10011 (base 2) to base 13
16
Convert 35 (base 7) to base 15.
1b
Convert -7 (base 14) to base 13.
-7
Convert -2021 (base 4) to base 12.
-b5
120 (base 3) to base 15
10
-139 (base 13) to base 7
-430
What is -c4 (base 16) in base 13?
-121
-24 (base 11) to base 8
-32
-2 (base 14) to base 8
-2
-3 (base 14) to base 8
-3
Convert 2 (base 11) to base 9.
2
What is 40 (base 11) in base 7?
62
What is -100011 (base 2) in base 10?
-35
1 (base 8) to base 15
1
Convert -131 (base 12) to base 8.
-265
1200 (base 3) to base 13
36
Convert 10 (base 3) to base 9.
3
Convert -8 (base 9) to base 15.
-8
What is -1000111 (base 2) in base 4?
-1013
Convert -139 (base 10) to base 2.
-10001011
6 (base 14) to base 4
12
Convert -7 (base 13) to base 3.
-21
What is -13 (base 12) in base 16?
-f
-23 (base 14) to base 8
-37
What is -2d (base 15) in base 12?
-37
-84 (base 14) to base 8
-164
What is 71 (base 11) in base 15?
53
What is -3 (base 4) in base 11?
-3
-26 (base 7) to base 2
-10100
Convert -a (base 15) to base 16.
-a
What is -52 (base 6) in base 7?
-44
What is -110102 (base 3) in base 2?
-101001111
2 (base 6) to base 3
2
What is 10 (base 2) in base 16?
2
Convert 11 (base 8) to base 3.
100
Convert -d (base 15) to base 2.
-1101
1 (base 13) to base 11
1
What is 0 (base 5) in base 9?
0
Convert 4 (base 13) to base 16.
4
-14 (base 15) to base 9
-21
Convert 2 (base 11) to base 9.
2
Convert -21 (base 11) to base 2.
-10111
a (base 12) to base 15
a
-7 (base 10) to base 6
-11
What is -5 (base 6) in base 12?
-5
Convert -4 (base 10) to base 3.
-11
What is 2 (base 9) in base 2?
10
What is 25 (base 10) in base 6?
41
What is -24 (base 14) in base 15?
-22
What is 8 (base 14) in base 4?
20
-a (base 16) to base 8
-12
Convert -116 (base 10) to base 6.
-312
Convert 5 (base 15) to base 8.
5
Convert -28 (base 13) to base 11.
-31
What is 25 (base 9) in base 16?
17
Convert 4 (base 6) to base 16.
4
48 (base 15) to base 4
1010
Convert d4 (base 14) to base 9.
226
Convert -5 (base 7) to base 2.
-101
Convert -211 (base 3) to base 12.
-1a
Convert 121 (base 3) to base 6.
24
What is -110 (base 3) in base 11?
-11
Convert 2 (base 7) to base 6.
2
What is 7 (base 9) in base 13?
7
-2c (base 15) to base 7
-60
What is 32 (base 8) in base 9?
28
-300 (base 5) to base 13
-5a
What is 7 (base 8) in base 5?
12
Convert -102 (base 6) to base 4.
-212
What is 531 (base 6) in base 10?
199
110001 (base 2) to base 6
121
-8 (base 9) to base 12
-8
Convert -34 (base 13) to base 8.
-53
What is -3 (base 15) in base 8?
-3
What is 171 (base 10) in base 14?
c3
What is 27 (base 14) in base 2?
100011
What is -20 (base 11) in base 8?
-26
-26 (base 14) to base 6
-54
-211 (base 4) to base 3
-1101
What is -16 (base 14) in base 4?
-110
Convert b (base 13) to base 3.
102
Convert c3 (base 13) to base 12.
113
-1 (base 14) to base 9
-1
Convert -4 (base 8) to base 9.
-4
Convert 14 (base 9) to base 12.
11
What is 5 (base 12) in base 11?
5
Convert 5a (base 11) to base 8.
101
Convert -16 (base 13) to base 4.
-103
What is -5 (base 14) in base 12?
-5
Convert -68 (base 14) to base 2.
-1011100
What is -145 (base 8) in base 6?
-245
What is -11110010 (base 2) in base 6?
-1042
Convert 214 (base 8) to base 4.
2030
What is -2 (base 16) in base 8?
-2
0 (base 5) to base 12
0
Convert -11 (base 10) to base 7.
-14
-21 (base 8) to base 15
-12
Convert -2 (base 8) to base 4.
-2
What is 0 (base 15) in base 8?
0
What is -150 (base 6) in base 3?
-2110
-20 (base 9) to base 3
-200
What is -2 (base 3) in base 5?
-2
200 (base 3) to base 4
102
Convert 2111 (base 3) to base 16.
43
Convert 278 (base 10) to base 9.
338
1 (base 5) to base 9
1
What is 155 (base 10) in base 12?
10b
Convert -48 (base 10) to base 6.
-120
Convert 1 (base 11) to base 13.
1
-1 (base 15) to base 11
-1
a (base 14) to base 6
14
Convert -4a (base 14) to base 10.
-66
-111 (base 8) to base 4
-1021
Convert -100 (base 3) to base 9.
-10
c5 (base 15) to base 16
b9
Convert 524 (base 7) to base 5.
2023
3c (base 14) to base 15
39
Convert -2 (base 13) to base 8.
-2
Convert 1000 (base 2) to base 4.
20
Convert 64 (base 13) to base 6.
214
Convert -35 (base 7) to base 8.
-32
9 (base 10) to base 16
9
Convert 5 (base 14) to base 8.
5
4 (base 11) to base 5
4
Convert -6 (base 8) to base 6.
-10
33 (base 12) to base 6
103
0 (base 16) to base 3
0
3 (base 4) to base 16
3
11 (base 15) to base 2
10000
What is -3 (base 7) in base 10?
-3
What is 14 (base 15) in base 6?
31
-20 (base 9) to base 3
-200
What is -1 (base 9) in base 3?
-1
-5 (base 16) to base 4
-11
What is 4 (base 9) in base 6?
4
Co